2 + 6*k + 4. What is o(b)?
-3
Let s(j) = -j**2 - 8*j + 8. Let q be s(-9). Let r be (q/(2/4))/2. Let p(x) be the first derivative of -7*x**4/4 - x**3/3 - x**2/2 - x - 1. Give p(r).
6
Let l = -1 + 4. Let d(g) be the third derivative of -g**5/30 + g**4/12 + g**3/3 - 2*g**2 - 12. Give d(l).
-10
Let a(c) = 7*c - 15. Let p(r) = 4*r - 8. Let x(d) = 6*a(d) - 11*p(d). Determine x(-4).
6
Let f(o) be the second derivative of o**5/20 - 5*o**4/6 + 3*o**3/2 - 3*o**2/2 - 53*o. What is f(9)?
-3
Let d(v) = -17*v**3 - v**2 + 3*v. Let s(y) = -34*y**3 - 3*y**2 + 7*y. Let r(h) = -5*d(h) + 2*s(h). What is r(-1)?
-17
Let a(w) = -11*w - 16. Let p(v) = -4*v - 5. Let s(l) = 3*a(l) - 8*p(l). Give s(-7).
-1
Let u(p) be the first derivative of 1 + 1/2*p**2 + 3*p. What is u(3)?
6
Let d be 32/14 - 2/7. Let k(v) = -1 + v - 8*v - v + v. Determine k(d).
-15
Let i = -19 - -20. Let v(k) = -6*k + 1. What is v(i)?
-5
Let x(y) = 7*y + y + 4 - 5 + 2*y**2 - 5*y. What is x(-3)?
8
Suppose 0 = 2*o + 1 - 9. Let w(k) = -3*k**3 - 8*k**2 - 8*k. Let c(r) = r**3 + r**2 + r. Let d(t) = o*c(t) + w(t). What is d(5)?
5
Let b(a) be the first derivative of -1/3*a**3 + 0*a - 6 + 5/2*a**2. Let s(z) = 2*z**2 + z - 2. Let q be s(-2). What is b(q)?
4
Suppose -3*o - o = -4*z + 20, 4*z + 5*o + 16 = 0. Let u(p) = -2*p + 0*p**3 + 3*p**2 + 1 - 2*p**2 + 10*p**3. What is u(z)?
10
Let m(k) = -k**3 + 7*k**2 - 5*k - 5. Let v = -1 + 8. Let b = -1 + v. Give m(b).
1
Let v = -12 + 14. Let r(s) = 2*s**2 - 4*s + 3. Calculate r(v).
3
Let u be (-6)/(-33) - 42/(-11). Let n(c) = -c**2 + 6*c - 4. Let w be n(u). Let i(h) = 0*h + 3*h - w - 2*h. Calculate i(4).
0
Let b = 451 - 445. Let n(s) = 5*s + 0 + 3 - s**2 + 3. What is n(b)?
0
Let u(d) = -d**2 + 5. Let t be u(0). Let s(a) = 6*a**2 - 6*a - 2. Let i(h) = -h**2 + 1. Let o(m) = t*i(m) + s(m). Determine o(6).
3
Let u(l) = 2*l - 1. Let r be (-960)/(-280) - (-3)/(-7). Determine u(r).
5
Suppose 3 = s - 5*l, -4*l = -0*s - s + 2. Let r(d) = -1. Let q(p) = -p**2 - 2*p - 3. Let t(h) = s*r(h) + q(h). Determine t(-2).
-1
Let h(r) be the third derivative of r**6/120 - 7*r**5/60 + r**4/4 - r**3/2 - r**2. Suppose 3*k + 5*s = 18, -3*k = -0*k - 4*s - 18. Calculate h(k).
-3
Let t(o) be the second derivative of 0*o**4 - 1/6*o**3 + 8*o + 0 + 7/2*o**2 + 1/20*o**5. Suppose 0 = 2*m + 2*m. Give t(m).
7
Let s be 10/30 + (-5)/(-3). Let v(r) = 3*r**3 - 5*r**2 - 4*r + 6. Let l(f) = 7*f**3 - 11*f**2 - 8*f + 13. Let q(p) = s*l(p) - 5*v(p). What is q(4)?
-4
Let l be (1/(-2))/(12/120). Let t(o) be the third derivative of o**5/60 + 7*o**4/24 + o**3/3 - 2*o**2. Give t(l).
-8
Suppose 3*d + 2*s + 2*s - 11 = 0, -d = -2*s + 13. Let g(x) be the second derivative of -x**5/20 - 5*x**4/12 - x**3/2 + x**2/2 + 10*x. Calculate g(d).
-8
Let r = 205/402 + -2/201. Let o(q) be the second derivative of r*q**2 + 0 + q + 1/2*q**3. Give o(2).
7
Let t(j) = 2*j - 3*j - 13 + 5. Let i be -9 + 2 + 4/2. Calculate t(i).
-3
Let y(p) = -8*p + 1. Let j(c) = -17*c + 3. Let o(n) = 4*j(n) - 9*y(n). Let w(r) = -r. Let h be 2/3*(-6)/(-4). Let i(l) = h*o(l) - 2*w(l). What is i(-2)?
-9
Let a be (1 - -10) + (-4 - (3 - 4)). Let q(z) = -z - 9. Calculate q(a).
-17
Let k(s) = -s**2 - 1. Let t(w) = -3*w**2 - 6*w - 3. Let l(d) = 2*k(d) - t(d). What is l(-7)?
8
Let b(y) = y**2 + 6*y - 4. Let f(v) = 9*v + 2. Let s be f(-1). Calculate b(s).
3
Let v(l) = -l**3 - 4*l**2 - l + 4. Let k = -2 + -4. Let t(g) = g**2 + 8*g + 8. Let r be t(k). Determine v(r).
8
Let n(m) be the first derivative of -m**3/3 + 5*m**2 + m - 6. Determine n(10).
1
Let t(y) = -y**3 + y**2 + y + 5. Let z be 16/(-6)*3/(-4). Let k be (-14)/(-6) - z/6. Suppose 0 = k*h - 2*l + 2, -3*h - 4 = -2*h - 4*l. Give t(h).
5
Let v(i) be the third derivative of i**4/12 + i**3/3 - 3*i**2. Suppose 23 = -3*g + 4*d, -8*g - 10 = -3*g - d. Let y be g*4/(-6)*-3. Calculate v(y).
-2
Let s(j) = -8*j - 6*j**2 - 3 + 3*j + 5*j**2. What is s(-5)?
-3
Let h(n) = n**2 + 5*n + 3. Let g be h(-5). Let p(s) = 9*s - 17. Let m(t) = -4*t + 8. Let x(l) = g*p(l) + 7*m(l). What is x(5)?
0
Let n(p) be the third derivative of p**6/120 + p**4/24 - 5*p**2. Give n(0).
0
Let m(j) = -j. Let f be m(-6). Let l be (20/15)/(4/f). Let t(a) = -a**2 - 3 - a**3 + 5 + l*a + a. Determine t(-2).
0
Let t(a) = 2 - 9*a + 2 + 1 - a**3 + 2*a + 8*a**2. Determine t(7).
5
Suppose -5 = -43*h + 38*h. Let n(a) = 11*a - 4. Let u(d) = -34*d + 11. Let w(x) = 8*n(x) + 3*u(x). What is w(h)?
-13
Let s(t) = t**2 - t - 1. Let p(y) = 13*y**2 + 13*y - 5. Let i(d) = p(d) + 6*s(d). Let x(k) = 9*k**2 + 3*k - 5. Let j(b) = -6*i(b) + 13*x(b). Calculate j(2).
7
Let i(n) be the second derivative of n**3 - 3*n**2/2 + 4*n. Suppose 0 = 5*r - 10. Give i(r).
9
Let u be 2 + (-16)/(-10)*60/(-12). Let n(j) = -j**2 - 7*j - 5. Determine n(u).
1
Let c(i) = -i**3 - 6*i**2 - 3*i + 3. Let v(n) = -2*n + 11. Suppose -3*u + 63 = -33. Suppose 0 = -2*h - 2*h + u. Let s be v(h). Determine c(s).
-7
Suppose 4*m = 5*n - 22, -n - 4*m + 14 = -0*n. Let a(l) = -l**3 + 7*l**2 - 7*l. Give a(n).
-6
Let t = 7 + -6. Let y(w) be the first derivative of -t + w + 5/2*w**2. Determine y(-1).
-4
Let s(k) = -2*k + 28. Let q be s(10). Let r(l) = -l**2 + 7*l - 3. Calculate r(q).
-11
Suppose 2*c + c = 0. Let f(q) = c + q - 4 - 1 + 2. Calculate f(5).
2
Let y(q) = q - 1. Let x = 6 - 1. Determine y(x).
4
Let d be (7 + -4)*-1 - 0. Let a(p) = -p**3 - 2*p**2 + 3*p - 1. Calculate a(d).
-1
Let n(k) = 2*k + 2. Suppose -z + 9*z - 24 = 0. Give n(z).
8
Suppose 0 = 5*k - 11 - 4. Let y(r) = -r**2 + 2*r + 4. Determine y(k).
1
Let w(i) = -i**3 - 6*i**2 - 5*i - 2. Let n be (-16)/3*(-36)/16. Let x = n + -9. Suppose 4*j - 27 = 3*q - 0*j, -9 = -x*j. Calculate w(q).
-2
Let w = 0 - 11. Let l(p) = 3*p**3 + 6*p**2 - 9*p + 17. Let v(o) = o**3 + 2*o**2 - 3*o + 6. Let b(f) = w*v(f) + 4*l(f). Give b(-3).
2
Let r = -11 - -17. Let d(a) = -a. What is d(r)?
-6
Let n(v) be the first derivative of v**6/360 - v**5/24 - v**4/3 + v**3 - 2. Let p(d) be the third derivative of n(d). Calculate p(6).
-2
Let a(w) = -w**2 - 9*w - 3. Let g = -2 + 0. Let u be 8*(1 - (-4)/g). Let q be a(u). Let s(v) = v - 7. Determine s(q).
-2
Let t(k) = -k**2 - 2*k + 9. Let b be t(-5). Let m(n) = -n - 5. Give m(b).
1
Let w be ((-4)/(-2))/(4/(-2)). Let m be -2*(w - 2/(-4)). Let h(y) = -47*y**2 + 1 - 2*y + 48*y**2 + 0 - y**3. Give h(m).
-1
Suppose 5 = -2*m - d, m + 4*d = 4*m - 20. Suppose m = b + b. Let a(i) = i - 6. Determine a(b).
-6
Let c(w) be the second derivative of 1/12*w**4 + 0*w**3 - 1/2*w**2 + 0 - 2*w. Let v(r) be the first derivative of c(r). Calculate v(-3).
-6
Let j(b) be the second derivative of -b**4/12 - b**3 - 3*b**2/2 - 5*b. Let v be j(-3). Let p(z) = -z**3 + 7*z**2 - 7*z + 9. Calculate p(v).
3
Let r(q) = q**3 - 11*q**2 + 19*q - 5. Let a be r(9). Let m(b) be the second derivative of -4*b**2 + 0 - 7/6*b**3 - 1/12*b**a - 2*b. Determine m(-6).
-2
Let x(k) = k**2 - k. Let f(c) = -5*c**2 + 6*c. Let r(u) = f(u) + 6*x(u). Suppose -m = 2*q - 3*q - 1, -3*m + 17 = 4*q. Suppose n - m*n = 0. Give r(n).
0
Let x(c) = c + 6. Let s be 8/(-3)*(-27)/(-12). Calculate x(s).
0
Suppose 4*c - c = 3*a - 27, 0 = 3*a - 2*c - 25. Let j(x) = -4*x**2 + 5*x**2 - 2*x**2 + 2*x + a - 4. Determine j(-3).
-12
Let o(h) = -9*h - 4. Let d(l) = -20*l - 26. Let x(i) = 4*i + 5. Let v(n) = -3*d(n) - 16*x(n). Let b(c) = -6*o(c) + 14*v(c). What is b(-3)?
2
Let p(v) = -v + 2. Suppose z + 3 = -0*z. Let k = 0 - z. What is p(k)?
-1
Let k(f) = -f**3 + 5*f**2 - 3. Let q(g) = 6*g**3 - 26*g**2 - g + 16. Let x(j) = 11*k(j) + 2*q(j). Give x(-4).
-9
Let z be (-528)/(-136) + (-2)/(-17). Let l(a) = a**3 - 4*a**2 - a - 1. What is l(z)?
-5
Let u(k) = k**3 + 3*k**2 - k + 4. Let n = 171 + -174. Calculate u(n).
7
Let n = -8 - -2. Let m(w) be the first derivative of -w**4/4 - 2*w**3 + 3*w**2/2 + 3*w + 111. Calculate m(n).
-15
Let q(i) = i**3 - 4*i**2 - 1. Let d(u) = -4 - 1 + 5*u + 3 - 2*u**2 + u**2. Let f be d(2). Determine q(f).
-1
Suppose 5*a + 36 = 5*w + a, 3*w = -4*a + 28. Let n be w/5*5/2. Let v(j) be the first derivative of j**4/4 - 5*j**3/3 + 3*j**2 - 4*j - 2. Give v(n).
4
Let h = -9 - -10. Let u(j) be the first derivative of 5*j**2/2 - 3*j - 1. Let q(y) = -10*y + 7. Let m(c) = 3*q(c) + 7*u(c). Calculate m(h).
5
Let g(r) = r**2 + 9*r - 3. Let m(a) = -a**2 - 10*a + 4. Let p(h) = -4*g(h) - 3*m(h). Calculate p(-